6007*p + 3003*p. Give o(5).
23
Let g(f) = -f - 4. Let a = -10 + 16. Let u(t) = t**2 - 5*t + 8. Let q be u(a). Suppose 7*d - 5*d = -q. What is g(d)?
3
Let v(w) = -5*w**3 + 6*w**2 - 23*w + 3. Let n(a) = -2*a**3 - a**2 - 3*a + 1. Let h(s) = 3*n(s) - v(s). What is h(-10)?
-40
Let t(x) = 15 + 16 - 91*x**2 + 92*x**2 - 14 + 14*x. Determine t(-12).
-7
Let d(n) = n + 0*n + 1 + 1 - n**2 - n**3. Let v be (6 + -3)/(1/6). Let j = -20 + v. Determine d(j).
4
Let j(b) = -b**3 - 5*b**2 + 6*b + 3. Suppose -5*v + 5*q = 3*q + 38, -2*v + 4*q - 28 = 0. What is j(v)?
3
Let s(t) = -2*t + 4. Let j be s(-4). Let n = 11 - j. Let u(q) be the first derivative of 2*q**4 - q**2 - q - 1. Calculate u(n).
-7
Let g = 15 - 9. Let q be 1/1 + 10/(-10). Let b(r) = 4*r**2 - 6*r + q*r**2 - 3*r**2 - 3 + 10. What is b(g)?
7
Let p(w) be the third derivative of -5*w**2 - 1/6*w**3 - 1/24*w**4 - 1/40*w**5 + 0 + 0*w. Let c(z) be the first derivative of p(z). Calculate c(-2).
5
Let k(t) = t**2 + 2 + 2*t - 3*t**2 - 1. Let w(x) be the second derivative of -x**3/6 - 15*x**2/2 - 10*x. Let o be w(-14). What is k(o)?
-3
Suppose 488 = 23*d + 695. Let u(h) = -2*h**2 - 18*h + 10. Give u(d).
10
Let v(y) = 2*y**2 + 23*y + 24. Suppose -15*b = -26*b - 110. Determine v(b).
-6
Let a = 0 + -1. Let x = -4 - a. Let h(w) be the first derivative of -w**3/3 - w**2/2 - 3*w + 1239. What is h(x)?
-9
Let b be (-8)/(-2) - (6 + 2 + -3). Let d(h) = -5*h**2 - 7*h - 3. Let v(x) = -x**2 + 1. Let o(l) = b*d(l) + 4*v(l). Give o(-5).
-3
Let y(q) be the third derivative of -q**5/20 - q**4/12 + 2*q**2. Let t be 3/(-15) - 1/(-5). Suppose t = -0*f - 4*f - 2*z, -6 = -5*f - 4*z. Determine y(f).
-8
Let v(h) = 2*h**2 - 4*h + 3. Let y be (15/(-5))/(6/(-4)). Suppose w = -y*w + 6. Calculate v(w).
3
Let k(c) = -c**3 + 8*c**2 + 21*c - 9. Let t be k(10). Let x(l) = -t + 3*l - 2 - 9*l**2 + 21*l**2 - 9*l**2. What is x(-3)?
15
Let w(o) = -5*o**3 - o**2 + 2*o. Let x be w(2). Let b be 2/(-5) + (-56)/x. Let j(c) = -c**2 + 3*c - 1. Calculate j(b).
1
Let a(h) = 7*h - 1. Suppose -3*v - 4 - 17 = 0. Let q be (-23 - v) + (-2 - -4). Let w = -13 - q. Determine a(w).
6
Let p(r) be the second derivative of 1/2*r**2 + 0 + 11/6*r**3 + 3*r. What is p(-1)?
-10
Let a be (2 - -6)/(-4) + 4. Let f(z) = a*z - 5 + 7 - 3*z. Give f(0).
2
Let o(y) be the third derivative of y**8/3360 + y**7/630 + y**6/360 - 5*y**4/8 + 6*y**2. Let t(l) be the second derivative of o(l). Calculate t(-2).
-4
Let p(f) = -f**2 + 9*f - 5. Suppose 6*u + 2*u - 968 = 0. Let x = -113 + u. What is p(x)?
3
Let y(h) = -7*h**2 + 2 + 14*h**2 - 3*h**2 - 1. Suppose 0 = 4*c - 0*c - 4. Give y(c).
5
Suppose 36*a - 38*a + 24 = 0. Let o(m) = m**2 - 11*m + 14. What is o(a)?
26
Suppose 3*j - 4*l - 10 = 0, -3 + 1 = -l. Let m be ((-9)/30*4)/(j/20). Let r(z) = z**3 + 3*z**2 + 3*z + 3. Give r(m).
-25
Suppose 0*d - j = 3*d - 5, 4*d + 3*j = 0. Let y(v) = -5 + 0*v**d - 5*v**2 + 3 + 4*v + 2*v + v**3. Let t = -74 + 78. What is y(t)?
6
Let q(r) = -3*r + 10. Let k(n) = -39*n + 107. Let u be k(3). What is q(u)?
40
Let c(b) = -13*b + 3. Let h be c(0). Let d(g) be the first derivative of -7*g - 4/3*g**h + 1 + 1/4*g**4 - g**2. Determine d(5).
8
Let u(x) be the first derivative of x**2 + 24*x - 11. Calculate u(-16).
-8
Let m(p) be the first derivative of p**7/840 - p**5/120 - 3*p**4/8 - 4*p**3/3 - 1. Let l(j) be the third derivative of m(j). Calculate l(0).
-9
Let i(q) be the third derivative of 19*q**7/840 + q**6/360 + 5*q**3/2 + 20*q**2. Let x(c) be the first derivative of i(c). What is x(-1)?
-18
Let j(m) = m**2 - 7*m + 5. Let l = -53 + 61. Determine j(l).
13
Let q(w) = -w**3 + 9 - 8*w**2 - 21 + 11 - 7*w. Let y(m) = -2*m - 7. Let a be y(0). Determine q(a).
-1
Let z(j) = 22*j**3 - 2*j**2 + 2*j - 1. Let d be (-3)/(-9) + 12/18. Determine z(d).
21
Let p(j) be the second derivative of -j**5/20 + j**4/3 + j**3/2 - 3*j**2/2 - 2*j. Suppose 2*h - 5*h + 72 = 0. Let g be (12/h)/((-2)/(-8)). Give p(g).
11
Suppose -3*j + 7 + 29 = 0. Let h = 11 - j. Let t = 2 - h. Let m(c) = -6*c + 3. What is m(t)?
-15
Let r(s) = 11*s**2 - 2*s + 1. Let a(b) be the second derivative of b**4/12 - b**3/6 + b**2/2 - 9*b. Let o be a(0). Calculate r(o).
10
Let l(i) = 3*i - i + 2 - 4*i + 4. Let n be (-2)/(-7) + (-1710)/105. Let m = -10 - n. Calculate l(m).
-6
Let x(b) be the third derivative of b**4/12 - b**3/3 - 3*b**2. Suppose 113*i - 10 = 115*i. Determine x(i).
-12
Let i = 4 - 9. Let l(r) be the second derivative of r**6/120 + r**5/10 + r**4/6 - r**3/6 - r**2 + 4*r. Let g(v) be the first derivative of l(v). Determine g(i).
4
Let p be ((-1)/(-2) + 0)*-2*34. Let c = 30 + p. Let f(i) = i**2 + 4*i + 5. What is f(c)?
5
Let y(u) be the third derivative of u**3 - 1/4*u**4 + 0 + 26*u**2 + 0*u. Calculate y(4).
-18
Let g = 47 - 23. Suppose -2*d + 3*z - 19 = 9, -2*d = -2*z + g. Let v(t) = t**3 + 8*t**2 + 6. Calculate v(d).
6
Let v(o) = -11*o**2 + 2*o + 13. Let p(x) be the second derivative of -5*x**4/12 + x**3/6 + 3*x**2 + 19*x. Let q(d) = 13*p(d) - 6*v(d). Calculate q(1).
2
Let d(a) be the second derivative of -2*a + 0 + 0*a**4 - 1/3*a**3 - 1/2*a**2 + 1/20*a**5. Let l = -2 + 1. Calculate d(l).
0
Let h(g) = g**3 + 4*g**2 + 3*g - 2. Let k be h(-3). Let z = -80 + 82. Let b(x) = -z*x - x**2 + 62 + 3*x - 63. Calculate b(k).
-7
Let n(h) = -h - 7. Let j(k) = -3*k + 16. Let w(f) = 5*f + 7. Let z be w(0). Let a be j(z). Determine n(a).
-2
Let p(d) = 2*d**2 - 6*d + 6. Let w be p(3). Let k(v) = v**3 - 3*v**2 - 18*v + 1. Give k(w).
1
Let g be (-63)/(-12) - ((-11)/4 + 2). Suppose -x = g*x - 35. Let i(f) = -f. Determine i(x).
-5
Let f(c) = c**3 - 2*c + 1. Let w(y) = -y**2 + 4*y + 5. Let v be w(3). Let u be v/(-3) + (-10)/(-15). Determine f(u).
-3
Let l(g) = 7*g**3 + 2*g**3 + g - g - 7*g**3. What is l(1)?
2
Suppose 2*k + 10 = 12. Let j(i) = 2. Let o(x) = 2*x - 1. Let v(g) = k*o(g) - 3*j(g). Calculate v(6).
5
Let c(p) = -6*p**2 + 37*p - 2. Let o be c(6). Let z(q) = o - 6 - 12*q + 10*q. Calculate z(-1).
0
Let w(f) = 5*f + 242. Let j be w(-48). Let i(k) = -6*k + 3. Calculate i(j).
-9
Suppose 0 = -5*b + 4*b - 7. Let z(f) = f + 6. Let w(d) be the second derivative of -d**3/2 - 17*d**2/2 - 5*d. Let s(n) = 4*w(n) + 11*z(n). Determine s(b).
5
Let d be (-54 - -46)*2/4 + 1. Let u(m) = m + 1. What is u(d)?
-2
Let p = 6 - 4. Suppose -4*v = -p*v - 6. Let s = -4 + v. Let j(g) = 5*g**3 + g**2 + g + 1. Give j(s).
-4
Let y(n) = n - 1. Let t(z) = -9*z**2 - 7*z + 6. Let u(k) = -t(k) - 6*y(k). Let d = -69 - -70. Determine u(d).
10
Let m(s) = 2. Let r(b) = -9*b + 8. Let w(t) = 5*m(t) - r(t). Determine w(3).
29
Let z(u) be the first derivative of 1/4*u**4 + 5/2*u**2 + 2*u**3 + 5 - 7*u. What is z(-5)?
-7
Let t(p) be the second derivative of -p**6/360 + 7*p**5/120 + p**3/6 - 11*p**2/2 - 3*p. Let s(g) be the second derivative of t(g). Calculate s(8).
-8
Let p(o) be the first derivative of -o**2 - 9*o - 2. Let u be 110/(-16) + 53/(-424). Calculate p(u).
5
Let q(b) = -b - 12. Let m(y) be the first derivative of y - 9. Let n(j) = 6*m(j) + q(j). Determine n(-8).
2
Let d = -24 + 25. Let u(z) = -3 + 3 + 0*z**2 - d - 6*z**2. Let m(g) = -g**2 - 6*g - 6. Let o be m(-5). Calculate u(o).
-7
Let l(z) = -z**3 + 2*z**2 + 2*z. Let s be (168/35)/((-4)/(-10)). Let k be 30/s - 1/(-2). Determine l(k).
-3
Let b(x) = 8*x - 1. Let o(i) = -i - 1. Let h(w) = b(w) + 6*o(w). What is h(4)?
1
Let c(x) = -x**3 + 4*x**2 - 4. Suppose -5*v = t - 12, -4*v = -2*t - 9*v + 24. Let b = 15 - t. Give c(b).
5
Let k(n) = 1 - 11*n + 0*n**2 - 8 - n**2. Let v be 24/(-18)*(3 - 0). Let c(s) = -s**2 - 12*s - 8. Let a(g) = v*c(g) + 5*k(g). What is a(-4)?
9
Let c(f) = 8*f**3 + 23*f**2 + 37*f + 4. Let i(x) = -9*x**3 - 24*x**2 - 40*x - 3. Let z(g) = -8*c(g) - 7*i(g). Give z(-15).
4
Let j(g) = -g**2 - 15*g - 16. Let z(y) = -y**2 - 9*y + 22. Let k be z(3). Give j(k).
-2
Let v be 1 + (52/(-6))/((-18)/27). Let c(a) = -3*a + 45. Calculate c(v).
3
Let x(a) = 2*a**2 - 5*a - 1. Let g be x(3). Let s(l) = 3*l**2 - 3 - l**g - 3*l**2 + 2 + 2*l. Suppose -y = -3*p - 8, 3*p - 2 = -8. Give s(y).
-1
Let j(s) = -5*s - 21. Let v be j(-3). Let r = -9 - -16. Let h(k) = 2*k + 4*k**2 + 0*k + k**3 + r + 2*k**2 + 1. Determine h(v).
-4
Let b(m) = 2*m + 10. Let g(r) = -r - 10. Let q(v) = -v - 18. Let f be q(-15). Let w(s) = f*g(s) - 2*b(s). Determine w(0).
10
Let i(l) be the 